ors of 11922837?
3, 3974279
What are the prime factors of 89187?
3, 7, 31, 137
What are the prime factors of 824239?
13, 19, 47, 71
List the prime factors of 156222.
2, 3, 11, 263
What are the prime factors of 2182680?
2, 3, 5, 43, 47
What are the prime factors of 131123?
23, 5701
What are the prime factors of 18891511?
401, 47111
What are the prime factors of 530452?
2, 13, 101
List the prime factors of 289224.
2, 3, 13, 103
List the prime factors of 27873272.
2, 7, 497737
What are the prime factors of 1909368?
2, 3, 23, 1153
What are the prime factors of 13717728?
2, 3, 15877
List the prime factors of 265758.
2, 3, 44293
List the prime factors of 120521.
191, 631
List the prime factors of 4417153.
13, 59, 443
List the prime factors of 45215.
5, 9043
List the prime factors of 88911.
3, 37, 89
What are the prime factors of 2138667?
3, 712889
What are the prime factors of 11532?
2, 3, 31
What are the prime factors of 104053?
104053
What are the prime factors of 23691180?
2, 3, 5, 61, 6473
What are the prime factors of 15517150?
2, 5, 11, 89, 317
List the prime factors of 3169798.
2, 1584899
What are the prime factors of 11592354?
2, 3, 1932059
What are the prime factors of 300230?
2, 5, 7, 4289
List the prime factors of 162827.
7, 3323
What are the prime factors of 20132?
2, 7, 719
What are the prime factors of 3963342?
2, 3, 660557
What are the prime factors of 10248160?
2, 5, 13, 379
What are the prime factors of 3523330?
2, 5, 352333
List the prime factors of 1277505.
3, 5, 9463
What are the prime factors of 304532?
2, 19, 4007
What are the prime factors of 149147?
29, 37, 139
What are the prime factors of 268012?
2, 67003
List the prime factors of 208255.
5, 41651
List the prime factors of 19139347.
19139347
List the prime factors of 427413.
3, 7, 20353
List the prime factors of 6563604.
2, 3, 546967
List the prime factors of 270853.
11, 24623
What are the prime factors of 393430?
2, 5, 39343
List the prime factors of 21160.
2, 5, 23
What are the prime factors of 3918067?
3918067
What are the prime factors of 7748171?
23, 31, 10867
What are the prime factors of 565528?
2, 223, 317
What are the prime factors of 2769541?
2769541
List the prime factors of 8278392.
2, 3, 41, 47, 179
List the prime factors of 77753.
13, 5981
What are the prime factors of 7052334?
2, 3, 1175389
What are the prime factors of 9219048?
2, 3, 281, 1367
What are the prime factors of 3134828?
2, 783707
What are the prime factors of 319027?
319027
List the prime factors of 25175.
5, 19, 53
What are the prime factors of 559610?
2, 5, 107, 523
List the prime factors of 193794.
2, 3, 32299
What are the prime factors of 2425165?
5, 37, 13109
List the prime factors of 141352.
2, 17669
List the prime factors of 17421313.
7, 13, 3907
What are the prime factors of 2504219?
17, 19, 7753
List the prime factors of 3367130.
2, 5, 13, 59, 439
What are the prime factors of 671797?
7, 95971
What are the prime factors of 391285?
5, 139, 563
List the prime factors of 1657011.
3, 643, 859
What are the prime factors of 1248952?
2, 156119
List the prime factors of 17422300.
2, 5, 7, 24889
What are the prime factors of 9962?
2, 17, 293
What are the prime factors of 247049?
11, 37, 607
List the prime factors of 6047413.
23, 241, 1091
What are the prime factors of 17661120?
2, 3, 5, 18397
What are the prime factors of 236004?
2, 3, 71, 277
What are the prime factors of 1094323?
71, 15413
List the prime factors of 27829288.
2, 3478661
What are the prime factors of 1201345?
5, 97, 2477
List the prime factors of 20571476.
2, 23, 31, 7213
What are the prime factors of 5567900?
2, 5, 13, 4283
List the prime factors of 2895359.
2895359
What are the prime factors of 472353?
3, 7, 83, 271
List the prime factors of 120896.
2, 1889
What are the prime factors of 216820?
2, 5, 37, 293
List the prime factors of 1186081.
13, 91237
List the prime factors of 19512334.
2, 9756167
List the prime factors of 5465521.
19, 307, 937
What are the prime factors of 5878766?
2, 313, 9391
What are the prime factors of 7321584?
2, 3, 152533
What are the prime factors of 652845?
3, 5, 71, 613
What are the prime factors of 211687?
7, 30241
What are the prime factors of 441231?
3, 7, 21011
List the prime factors of 613825.
5, 43, 571
What are the prime factors of 574770?
2, 3, 5, 7, 17, 23
List the prime factors of 1164256.
2, 36383
What are the prime factors of 114454?
2, 89, 643
What are the prime factors of 24557?
13, 1889
List the prime factors of 1564605.
3, 5, 7, 4967
List the prime factors of 1780852.
2, 17, 26189
List the prime factors of 228090.
2, 3, 5, 7603
List the prime factors of 22526.
2, 7, 1609
List the prime factors of 24510695.
5, 11, 445649
What are the prime factors of 10386435?
3, 5, 43, 16103
List the prime factors of 18440892.
2, 3, 170749
What are the prime factors of 54366?
2, 3, 13, 17, 41
What are the prime factors of 189449?
13, 19, 59
List the prime factors of 15829176.
2, 3, 11, 17, 3527
What are the prime factors of 336056?
2, 7, 17, 353
What are the prime factors of 609488?
2, 11, 3463
What are the prime factors of 851415?
3, 5, 31, 1831
List the prime factors of 2029916.
2, 7, 72497
List the prime factors of 1100540.
2, 5, 7, 1123
What are the prime factors of 14273926?
2, 101, 70663
List the prime factors of 363454.
2, 7, 13, 1997
List the prime factors of 3357699.
3, 19, 58907
What are the prime factors of 395249?
89, 4441
What are the prime factors of 17209891?
1019, 16889
What are the prime factors of 180981?
3, 6703
List the prime factors of 294910.
2, 5, 7, 11, 383
What are the prime factors of 19092428?
2, 17, 280771
What are the prime factors of 8158681?
71, 151, 761
List the prime factors of 336663.
3, 37, 337
What are the prime factors of 1847042?
2, 31
List the prime factors of 9278500.
2, 5, 7, 11, 241
List the prime factors of 1040235.
3, 5, 7, 9907
What are the prime factors of 791069?
67, 11807
List the prime factors of 148044.
2, 3, 13, 73
List the prime factors of 3544034.
2, 13, 136309
List the prime factors of 30878.
2, 15439
What are the prime factors of 1381115?
5, 281, 983
List the prime factors of 855010.
2, 5, 13, 6577
What are the prime factors of 216783?
3, 7, 31, 37
What are the prime factors of 493045?
5, 7, 14087
What are the prime factors of 1718520?
2, 3, 5, 14321
What are the prime factors of 261401?
7, 107, 349
What are the prime factors of 1552151?
17, 91303
List the prime factors of 647856.
2, 3, 11, 409
List the prime factors of 8525844.
2, 3, 89, 887
List the prime factors of 2516362.
2, 1258181
What are the prime factors of 2287231?
17, 83, 1621
List the prime factors of 770791.
7, 29, 3797
List the prime factors of 2062274.
2, 1031137
What are the prime factors of 2105889?
3, 701963
What are the prime factors of 297634?
2, 148817
What are the prime factors of 3780653?
3780653
What are the prime factors of 234283?
7, 33469
List the prime factors of 281410.
2, 5, 107, 263
List the prime factors of 6941897.
19, 277, 1319
What are the prime factors of 7507487?
13, 31, 1433
What are the prime factors of 1185188?
2, 181, 1637
What are the prime factors of 1215997?
43, 28279
List the prime factors of 7304.
2, 11, 83
What are the prime factors of 1758161?
1758161
List the prime factors of 353969.
7, 11, 4597
What are the prime factors of 5102107?
5102107
What are the prime factors of 87296?
2, 11, 31
What are the prime factors of 10699882?
2, 37, 144593
List the prime factors of 3677143.
661, 5563
What are the prime factors of 591531?
3, 269, 733
List the prime factors of 3506353.
359, 9767
List the prime factors of 17837.
17837
List the prime factors of 205589.
205589
List the prime factors of 1019789.
317, 3217
List the prime factors of 6893019.
3, 7, 12157
What are the prime factors of 5509232?
2, 344327
What are the prime factors of 69223?
7, 11, 29, 31
What are the prime factors of 8442162?
2, 3, 469009
What are the prime factors of 7331351?
1741, 4211
List the prime factors of 11578249.
1987, 5827
What are the prime factors of 109382?
2, 7, 13, 601
What are the prime factors of 95968?
2, 2999
What are the prime factors of 9288673?
41, 226553
List the prime factors of 229560.
2, 3, 5, 1913
What are the prime factors of 2000333?
23, 29, 2999
List the 